2*b - 2252, 3*a + 6*b - 3333 = 0. Is a a prime number?
True
Suppose -17*j - 174 + 888 = 0. Let o = -115 + 366. Let c = j + o. Is c a prime number?
True
Let v(x) = 162*x**2 + 10*x - 919. Is v(29) a composite number?
False
Let h(z) = z**3 - 2*z**2 - 4*z - 10. Let m be h(4). Suppose 4*c - m*c = -986. Is c composite?
True
Let a(y) = 22*y**2 - 14*y + 1. Let u be a(4). Let h = 460 - u. Is h a prime number?
True
Let g(l) = 6694*l - 36. Let a = -30 - -31. Is g(a) composite?
True
Let g = -44 - -49. Is 6118 + 1 + g + -3 a composite number?
False
Is ((-2)/(-5) - 0)*(-10 + 8076920/16) a prime number?
True
Let d(a) = 92*a**2 + 69*a - 27. Is d(-16) composite?
True
Suppose 5*n + 2*r = 466301, 0 = 4*n - r - 59688 - 313345. Is n prime?
False
Let x = -118 - -109. Let m(h) = -22*h - 37. Is m(x) a composite number?
True
Let w(v) = 3*v**3 + v**2 - 1. Let i be w(1). Suppose -a = -d + 1846, i*d + a + 7387 = 7*d. Is d prime?
True
Let k be ((-77)/(-44))/((8/(-4))/(-16)). Suppose 0 = -k*n + 110871 - 27529. Is n prime?
True
Let l be 4/(-10) + 252/105. Suppose -j = -5*x - 201, 6*x = -l*j + 2*x + 374. Is j prime?
True
Let k = 1700676 + -960995. Is k prime?
False
Suppose -26*u + 29*u - 117 = 0. Let x = 58 - u. Suppose 0 = -25*t + x*t + 3174. Is t a prime number?
False
Is 5/20*-12*26734/(-3) composite?
True
Let n(u) = -u**2 + 3*u + 5. Let d(r) = -4*r**3 + r**2 - 2*r - 2. Let m be d(-1). Let i be n(m). Is 56 + i + 4 + -2 a prime number?
True
Suppose 5*y + 5*k - 6 = 4, 5*y - k = 10. Suppose 453 = 5*h - 0*h - 4*u, -3*h - y*u = -285. Is h a composite number?
True
Let f(l) = 22*l - 14*l - 20*l - 37. Is f(-31) a composite number?
True
Let w(d) = 58008*d + 811. Is w(4) a composite number?
True
Let l(s) = s**3 + 35*s**2 - 35*s + 38. Let y be l(-36). Suppose 23121 = 7*k + y*k. Is k a prime number?
False
Suppose x = -0*x - 2*v + 5, -4*v + 20 = 4*x. Suppose j = -4*j + 5*b + 3330, 2*j + x*b - 1297 = 0. Suppose 4*f + c - j = -2*c, -2*c - 809 = -5*f. Is f composite?
False
Suppose 165*q = 166*q + 4*a - 682551, 0 = -2*a + 16. Is q prime?
True
Suppose -38*d + 682091 + 12786363 = 0. Is d a prime number?
False
Is ((-10)/5)/(-1 + 2)*19777537/(-247) a prime number?
False
Let b = -60 - -420. Let k be ((-25)/9 - 1) + (-80)/b. Is ((-2)/((-3)/3))/(k/(-2452)) a composite number?
True
Suppose 12*u - 8*u - q - 1498008 = 0, q - 1123499 = -3*u. Is u prime?
True
Let y = 1026246 + -534465. Is y composite?
True
Suppose -7 = n + 3*n + 3*a, -5*n = -3*a + 29. Is (2286549/(-6))/(-9)*2 - n prime?
True
Suppose 3*u + 27 = -v + 31, 10 = -5*u - 5*v. Suppose o - 15411 = w - 58886, 3*w - 4*o = 130420. Suppose -w = u*z - 11*z. Is z a prime number?
False
Let k = -100 + 121. Let q = k + -12. Let c(g) = 6*g**2 + 2*g - 22. Is c(q) a prime number?
False
Is 44*8/128*26756 composite?
True
Suppose 0 = c + 39 - 35, -4*c = 4*k - 2006748. Is k a prime number?
True
Let p(g) = -2*g - 2 - 2*g - 18*g + 3*g**3 - 16*g**2 - 2*g**3. Let w(b) = -b**2 - 8*b + 6. Let m be w(-5). Is p(m) composite?
False
Let h(z) = -z**2 - 520*z + 2447. Is h(-166) a composite number?
False
Is (-208)/((-182)/(-14)) - -45393 composite?
False
Suppose -24*m + 19*m + 1677582 = x, -2*m - x + 671028 = 0. Is m a composite number?
True
Let g = 256167 - 537517. Let m be (-4)/14 + g/(-119). Suppose q - m = 2281. Is q a prime number?
False
Let j(w) = 1300*w + 21. Let q be 3/(-6)*(-19 + 3 - -6). Is j(q) prime?
True
Let o = 2649 + -7619. Let w = 8527 + o. Is w a prime number?
True
Is ((-1561)/14)/(43/(-14) - -3) a prime number?
False
Let s(g) be the third derivative of 13*g**8/3360 + g**7/2520 + 11*g**6/720 + 3*g**5/20 - 10*g**2. Let n(h) be the third derivative of s(h). Is n(-3) prime?
False
Let y be 40/(-30)*-27858*1. Suppose -11*r + 3*r + y = 0. Is r composite?
False
Let b be 388958/22 + 8*(-5)/(-440). Suppose -2*o + b + 2841 = w, -41043 = -4*o - w. Is o a prime number?
False
Let k = -114862 - 3536. Let o = -62635 - k. Is o a prime number?
True
Let r = -22240 - -37493. Suppose -35*u + 28*u = -r. Is u composite?
False
Let x be -2 + -1 - 6/(-1). Suppose 6*k = -2*b + k + 3, 0 = x*k + 3. Suppose b*a - 7962 = -2*c, -a + 0*c = 3*c - 1978. Is a a prime number?
True
Let r(d) be the first derivative of 11*d - 50 + 280/3*d**3 + 7/2*d**2. Is r(-2) composite?
False
Suppose -5*m - 212 = -6*m - r, 4*r = m - 227. Suppose 0 = -6*o + 325 + m. Suppose o = 4*d - 674. Is d a prime number?
True
Let f(q) = -8 + 16 + 5*q + 19*q**2 - 6. Let p be (6/(-15))/(1/(-10)). Is f(p) prime?
False
Suppose 3*n + 6*i = 2*i - 42693, -3*i = -3*n - 42693. Let g = 20680 + n. Is g a prime number?
True
Suppose -29*z + 11694925 + 4389258 = 0. Is z a prime number?
True
Let c(f) = -758*f - 4937. Is c(-102) prime?
True
Suppose 4*g = 24*g + 480. Is (-3)/g + (-291117)/(-24) + 1 a prime number?
False
Suppose 0 = 5*b + 3*u + 252 - 2381, 0 = 4*b - 4*u - 1684. Let g = -203 + b. Let z = g + -134. Is z a prime number?
False
Let b = 211893 + -29446. Is b prime?
False
Let o be (-2 - (-5)/3) + (-26)/3. Let m be 20/(-5)*o/(-12). Let h(f) = 84*f**2 + 4*f + 1. Is h(m) a composite number?
True
Suppose -6*s + 124 = -146. Suppose 5*k = -0*k + s. Suppose k*v - 10552 - 3263 = 0. Is v prime?
False
Let k(r) = -54*r**3 + 154*r**3 + 69*r**3 - 3 - 2*r - r**2 + 4*r. Let u(w) = w**3 - 15*w**2 + 14*w + 2. Let i be u(14). Is k(i) prime?
False
Suppose 8*t - 12*t + 12 = 0. Let z be (56/21)/(t/18). Is (z - (-3)/1)*11 prime?
False
Suppose 136*d = 147*d - 363704. Suppose -2*y - 16533 = -m, -2*m + 38*y - 35*y = -d. Is m a composite number?
False
Let x = 16 - 12. Suppose 0 = 4*l + 2*s - 8378, 0 = 5*l + x*s - 2*s - 10473. Is l a prime number?
False
Let q = 709 - 341. Let r be (-1065)/21 + (-4)/14. Let v = q - r. Is v composite?
False
Suppose -4*s - 4*s + 80 = 0. Let d be 14 + (5 - s)*1. Suppose d = -3*q, 2*q - 3*q - 334 = -g. Is g a prime number?
True
Let d(g) = g**3 - 58*g**2 + 111*g - 211. Is d(64) prime?
True
Let g(a) = 12*a**2 - 7. Suppose -3*v = -177 + 51. Let i = v + -47. Is g(i) a prime number?
True
Let o(m) = -m**3 - 18*m**2 - 27*m - 16. Let i be o(-20). Let t = i + 315. Is t a prime number?
False
Let c = 50786 - 35818. Suppose 0 = x - 4*y - 4482, 5*y - c = -4*x + 2981. Is x a prime number?
False
Let x(m) = 23*m - 274. Let q be x(12). Suppose -12209 = -y + 3*l, l - 15109 = -q*y + 9295. Is y a composite number?
False
Suppose 1500*l + 190692 = 1512*l. Is l composite?
True
Suppose -2*n = 3*n + 15, 2*n + 28266 = 5*w. Suppose -5*u + 735 + w = -o, 2*u - o - 2556 = 0. Is u a prime number?
True
Let f = 11 + -4. Suppose -f*y = 7*y - 19054. Is y a composite number?
False
Let p(y) = 360727*y + 1035. Is p(2) a composite number?
False
Let f(v) be the first derivative of 141*v**2 - 73*v + 13. Is f(21) prime?
True
Suppose 9 = 8*i - 7. Suppose 5*b - 118 = z, -b + z = -i*z - 32. Suppose 78 = f + b. Is f prime?
False
Is (-15)/80 + 17649100/64 composite?
False
Let m(l) = -117*l**3 + 13*l**2 - 96*l - 479. Is m(-14) prime?
False
Suppose 108*r - 57777940 = -12238984. Is r prime?
True
Suppose 9*v - 6*v - 7095 = -3*c, -4*v = -c + 2355. Suppose 5*u - 15848 = -2*t + c, -u + 4*t = -3651. Is u prime?
True
Let z = 193167 + -32290. Is z prime?
True
Is (-14 - 645/(-45))/((-1)/(-64101)) prime?
False
Let n = 51912 - 34293. Suppose 105 = 12*d - n. Is d a prime number?
False
Let s(b) = -b**2 - 5*b + 5. Let h be s(-5). Suppose -2*c - 24 = 3*w, -h*c + 4*w - 14 = -0*w. Is ((-310)/30)/(2/c) a prime number?
True
Suppose 2*s + 11 - 3 = 2*v, v + 3*s = 8. Suppose 0 = -v*q + 171 + 1084. Is q prime?
True
Let c = 10730 + -563. Is c composite?
True
Let f(x) = 691*x**2 + 26*x - 350. Is f(19) prime?
False
Let x be 3*20/(-45) - 193048/(-12). Suppose n = -r + x, -4*n - 21*r + 26*r = -64353. Is n composite?
False
Let k(q) = 28*q + 6. Let g be k(7). Suppose 2*b + 410 = -g. Let t = b + 448. Is t a composite number?
True
Let d be (0 - 2) + (-33646)/((-6)/(-3)). Let n = d + 25044. Is n composite?
False
Let f = 51198 + -30255. Suppose -8*p + f = 5*p. Suppose -2*w = -2*q + 644, 2*w = 5*q - 2*w - p. Is q a prime number?
False
Suppose 2*j - 2*s = 289314, 388*s - 4 = 386*s. Is j a composite number?
False
Is ((-46882)/(-8) + (-23 - (-16 - 1)))*12 a prime number?
False
Suppose q - 344667 = -5*y, -33 = 5*q - 43. Is y prime?
False
Suppose 11*q - 68430 - 4423 = 0. Is q prime?
False
Let a be ((1043526/